{"id":21,"date":"2023-11-13T22:13:18","date_gmt":"2023-11-13T21:13:18","guid":{"rendered":"https:\/\/acha-ardres.fr\/?page_id=21"},"modified":"2024-02-07T00:50:30","modified_gmt":"2024-02-06T23:50:30","slug":"les-journees-du-patrimoine","status":"publish","type":"page","link":"https:\/\/acha-ardres.fr\/?page_id=21","title":{"rendered":"Le patrimoine"},"content":{"rendered":"\t\t<div data-elementor-type=\"wp-page\" data-elementor-id=\"21\" class=\"elementor elementor-21\">\n\t\t\t\t<div class=\"elementor-element elementor-element-01813d8 e-flex e-con-boxed e-con e-parent\" data-id=\"01813d8\" data-element_type=\"container\" data-e-type=\"container\">\n\t\t\t\t\t<div class=\"e-con-inner\">\n\t\t\t\t<div class=\"elementor-element elementor-element-a73fa66 elementor-widget elementor-widget-text-editor\" data-id=\"a73fa66\" data-element_type=\"widget\" data-e-type=\"widget\" data-widget_type=\"text-editor.default\">\n\t\t\t\t<div class=\"elementor-widget-container\">\n\t\t\t\t\t\t\t\t\t<p>Plan de la ville d&rsquo;Ardres et localisation des emprises des <strong>anciennes fortifications<\/strong> dont il ne reste plus que la <strong>poterne<\/strong> et le <strong>bastion royal<\/strong>.<\/p>\t\t\t\t\t\t\t\t<\/div>\n\t\t\t\t<\/div>\n\t\t\t\t\t<\/div>\n\t\t\t\t<\/div>\n\t\t<div class=\"elementor-element elementor-element-08422d9 e-flex e-con-boxed e-con e-parent\" data-id=\"08422d9\" data-element_type=\"container\" data-e-type=\"container\">\n\t\t\t\t\t<div class=\"e-con-inner\">\n\t\t\t\t<div class=\"elementor-element elementor-element-551b7a2 elementor-widget elementor-widget-image\" data-id=\"551b7a2\" data-element_type=\"widget\" data-e-type=\"widget\" data-widget_type=\"image.default\">\n\t\t\t\t<div class=\"elementor-widget-container\">\n\t\t\t\t\t\t\t\t\t\t\t\t\t\t\t<img fetchpriority=\"high\" decoding=\"async\" width=\"900\" height=\"648\" src=\"https:\/\/acha-ardres.fr\/wp-content\/uploads\/2024\/02\/plan-ardres-emprise-fortif-retouche-1024x737.jpg\" class=\"attachment-large size-large wp-image-4948\" alt=\"\" srcset=\"https:\/\/acha-ardres.fr\/wp-content\/uploads\/2024\/02\/plan-ardres-emprise-fortif-retouche-1024x737.jpg 1024w, https:\/\/acha-ardres.fr\/wp-content\/uploads\/2024\/02\/plan-ardres-emprise-fortif-retouche-300x216.jpg 300w, https:\/\/acha-ardres.fr\/wp-content\/uploads\/2024\/02\/plan-ardres-emprise-fortif-retouche-150x108.jpg 150w, https:\/\/acha-ardres.fr\/wp-content\/uploads\/2024\/02\/plan-ardres-emprise-fortif-retouche-768x553.jpg 768w, https:\/\/acha-ardres.fr\/wp-content\/uploads\/2024\/02\/plan-ardres-emprise-fortif-retouche.jpg 1103w\" sizes=\"(max-width: 900px) 100vw, 900px\" \/>\t\t\t\t\t\t\t\t\t\t\t\t\t\t\t<\/div>\n\t\t\t\t<\/div>\n\t\t\t\t\t<\/div>\n\t\t\t\t<\/div>\n\t\t<div class=\"elementor-element elementor-element-9f114aa e-flex e-con-boxed e-con e-parent\" data-id=\"9f114aa\" data-element_type=\"container\" data-e-type=\"container\">\n\t\t\t\t\t<div class=\"e-con-inner\">\n\t\t\t\t<div class=\"elementor-element elementor-element-3982b2d elementor-widget elementor-widget-image\" data-id=\"3982b2d\" data-element_type=\"widget\" data-e-type=\"widget\" data-widget_type=\"image.default\">\n\t\t\t\t<div class=\"elementor-widget-container\">\n\t\t\t\t\t\t\t\t\t\t\t\t<figure class=\"wp-caption\">\n\t\t\t\t\t\t\t\t\t\t<img decoding=\"async\" width=\"808\" height=\"588\" src=\"https:\/\/acha-ardres.fr\/wp-content\/uploads\/2023\/12\/plan-noms-anciens-remparts.jpg\" class=\"attachment-large size-large wp-image-531\" alt=\"\" srcset=\"https:\/\/acha-ardres.fr\/wp-content\/uploads\/2023\/12\/plan-noms-anciens-remparts.jpg 808w, https:\/\/acha-ardres.fr\/wp-content\/uploads\/2023\/12\/plan-noms-anciens-remparts-300x218.jpg 300w, https:\/\/acha-ardres.fr\/wp-content\/uploads\/2023\/12\/plan-noms-anciens-remparts-150x109.jpg 150w, https:\/\/acha-ardres.fr\/wp-content\/uploads\/2023\/12\/plan-noms-anciens-remparts-768x559.jpg 768w\" sizes=\"(max-width: 808px) 100vw, 808px\" \/>\t\t\t\t\t\t\t\t\t\t\t<figcaption class=\"widget-image-caption wp-caption-text\">Localisation des diff\u00e9rents bastions d'Ardres.<\/figcaption>\n\t\t\t\t\t\t\t\t\t\t<\/figure>\n\t\t\t\t\t\t\t\t\t<\/div>\n\t\t\t\t<\/div>\n\t\t\t\t\t<\/div>\n\t\t\t\t<\/div>\n\t\t<div class=\"elementor-element elementor-element-795e30c e-flex e-con-boxed e-con e-parent\" data-id=\"795e30c\" data-element_type=\"container\" data-e-type=\"container\">\n\t\t\t\t\t<div class=\"e-con-inner\">\n\t\t\t\t<div class=\"elementor-element elementor-element-304531a elementor-widget elementor-widget-image\" data-id=\"304531a\" data-element_type=\"widget\" data-e-type=\"widget\" data-widget_type=\"image.default\">\n\t\t\t\t<div class=\"elementor-widget-container\">\n\t\t\t\t\t\t\t\t\t\t\t\t<figure class=\"wp-caption\">\n\t\t\t\t\t\t\t\t\t\t<img decoding=\"async\" width=\"900\" height=\"572\" src=\"https:\/\/acha-ardres.fr\/wp-content\/uploads\/2024\/02\/google-earth-poire-bastion-legende-resized.jpg\" class=\"attachment-large size-large wp-image-4808\" alt=\"\" srcset=\"https:\/\/acha-ardres.fr\/wp-content\/uploads\/2024\/02\/google-earth-poire-bastion-legende-resized.jpg 1000w, https:\/\/acha-ardres.fr\/wp-content\/uploads\/2024\/02\/google-earth-poire-bastion-legende-resized-300x191.jpg 300w, https:\/\/acha-ardres.fr\/wp-content\/uploads\/2024\/02\/google-earth-poire-bastion-legende-resized-150x95.jpg 150w, https:\/\/acha-ardres.fr\/wp-content\/uploads\/2024\/02\/google-earth-poire-bastion-legende-resized-768x488.jpg 768w\" sizes=\"(max-width: 900px) 100vw, 900px\" \/>\t\t\t\t\t\t\t\t\t\t\t<figcaption class=\"widget-image-caption wp-caption-text\">Localisation des monuments sur une image satellite<\/figcaption>\n\t\t\t\t\t\t\t\t\t\t<\/figure>\n\t\t\t\t\t\t\t\t\t<\/div>\n\t\t\t\t<\/div>\n\t\t\t\t\t<\/div>\n\t\t\t\t<\/div>\n\t\t<div class=\"elementor-element elementor-element-fd5d8ca e-flex e-con-boxed e-con e-parent\" data-id=\"fd5d8ca\" data-element_type=\"container\" data-e-type=\"container\">\n\t\t\t\t\t<div class=\"e-con-inner\">\n\t\t\t\t<div class=\"elementor-element elementor-element-8f3c682 elementor-widget-divider--view-line elementor-widget elementor-widget-divider\" data-id=\"8f3c682\" data-element_type=\"widget\" data-e-type=\"widget\" data-widget_type=\"divider.default\">\n\t\t\t\t<div class=\"elementor-widget-container\">\n\t\t\t\t\t\t\t<div class=\"elementor-divider\">\n\t\t\t<span class=\"elementor-divider-separator\">\n\t\t\t\t\t\t<\/span>\n\t\t<\/div>\n\t\t\t\t\t\t<\/div>\n\t\t\t\t<\/div>\n\t\t\t\t\t<\/div>\n\t\t\t\t<\/div>\n\t\t<div class=\"elementor-element elementor-element-050011e e-flex e-con-boxed e-con e-parent\" data-id=\"050011e\" data-element_type=\"container\" data-e-type=\"container\">\n\t\t\t\t\t<div class=\"e-con-inner\">\n\t\t\t\t<div class=\"elementor-element elementor-element-79470c2 elementor-widget elementor-widget-heading\" data-id=\"79470c2\" data-element_type=\"widget\" data-e-type=\"widget\" data-widget_type=\"heading.default\">\n\t\t\t\t<div class=\"elementor-widget-container\">\n\t\t\t\t\t<h3 class=\"elementor-heading-title elementor-size-default\">\nLa place forte d'Ardres, un enjeu europ\u00e9en au XVIe si\u00e8cle.<\/h3>\t\t\t\t<\/div>\n\t\t\t\t<\/div>\n\t\t\t\t\t<\/div>\n\t\t\t\t<\/div>\n\t\t<div class=\"elementor-element elementor-element-533424a e-flex e-con-boxed e-con e-parent\" data-id=\"533424a\" data-element_type=\"container\" data-e-type=\"container\">\n\t\t\t\t\t<div class=\"e-con-inner\">\n\t\t\t\t<div class=\"elementor-element elementor-element-53a9de7 elementor-widget elementor-widget-text-editor\" data-id=\"53a9de7\" data-element_type=\"widget\" data-e-type=\"widget\" data-widget_type=\"text-editor.default\">\n\t\t\t\t<div class=\"elementor-widget-container\">\n\t\t\t\t\t\t\t\t\t<p><img loading=\"lazy\" decoding=\"async\" class=\"wp-image-2580 alignright\" src=\"https:\/\/acha-ardres.fr\/wp-content\/uploads\/2024\/01\/ardres-potter-carte-1545-1550.jpg\" alt=\"\" width=\"425\" height=\"360\" srcset=\"https:\/\/acha-ardres.fr\/wp-content\/uploads\/2024\/01\/ardres-potter-carte-1545-1550.jpg 845w, https:\/\/acha-ardres.fr\/wp-content\/uploads\/2024\/01\/ardres-potter-carte-1545-1550-300x254.jpg 300w, https:\/\/acha-ardres.fr\/wp-content\/uploads\/2024\/01\/ardres-potter-carte-1545-1550-150x127.jpg 150w, https:\/\/acha-ardres.fr\/wp-content\/uploads\/2024\/01\/ardres-potter-carte-1545-1550-768x650.jpg 768w\" sizes=\"(max-width: 425px) 100vw, 425px\" \/>Au XVIe si\u00e8cle, Ardres, promue chef lieu du Pays Conquis sur les Anglais, vit au rythme des rivalit\u00e9s entre Fran\u00e7ais, Anglais et Espagnols.<\/p><p>Les <strong>Fran\u00e7ais<\/strong> en font la place avanc\u00e9e du Royaume, en Picardie.<br \/>Les <strong>Anglais<\/strong> r\u00eavent de la reprendre, pour mieux contr\u00f4ler Calais et intervenir sur le continent.<br \/>Quant aux <strong>Espagnols<\/strong>, qui tiennent Saint-Omer et qui ambitionnent d&rsquo;\u00e9tendre leur pouvoir en Europe, ils veulent en chasser les Fran\u00e7ais et en \u00e9loigner les Anglais.<\/p><p>D\u00e8s 1515, le Roi de France Fran\u00e7ois 1er <em>fit r\u00e9parer en toute diligence tant les foss\u00e9s que le bastillon<\/em>. \u00c0 l&rsquo;occasion du Camp du Drap d&rsquo;Or (1520), o\u00f9 il attribua \u00e0 la cit\u00e9 la devise \u00ab\u00a0<em>Brave et Fid\u00e8le<\/em>\u00ab\u00a0, il se pr\u00e9occupa de <em>la faire fortifier et remettre en \u00e9tat de garde et de d\u00e9fense<\/em>.<\/p><p>Apr\u00e8s l&rsquo;interm\u00e8de anglo-espagnol (1522-1529), il paya Dominique DE CORTONE, dit BOCCADOR, <em>900 livres d&rsquo;honoraires pour les ouvrages faits aux villes et ch\u00e2teaux de Tournay, Ardres et Chambord<\/em>.<\/p><p>En 1540, Ardres \u00e9tait une place forte capable de r\u00e9sister \u00e0 l&rsquo;artillerie \u00e0 poudre. Six bastions ont \u00e9t\u00e9 adoss\u00e9s \u00e0 l&rsquo;enceinte m\u00e9di\u00e9vale de la ville haute ; connus depuis le XVIIe si\u00e8cle sous les appellations de bastion du Festin, de Gascogne, Saint-Andr\u00e9, Condette (ou Royal), du Mont-Event\u00e9 et du Prince. B\u00e2tis en pierre et en terre, ils \u00e9taient \u00e0 l&rsquo;origine chacun \u00e9quip\u00e9s d&rsquo;orillons sur leurs flancs, et domin\u00e9s \u00e0 leur gorge par des cavaliers sur\u00e9lev\u00e9s en terre et porteurs d&rsquo;artillerie lourde.<br \/>Le front oriental de l&rsquo;enceinte, ancr\u00e9 \u00e0 contre pente dans les collines art\u00e9siennes, \u00e9tait le point faible de la d\u00e9fense : ce qu&rsquo;on appelle \u00ab\u00a0LE FRONT D&rsquo;ATTAQUE\u00a0\u00bb en terme de POLIORC\u00c9TIQUE*. Le foss\u00e9 y \u00e9tait \u00e0 sec puisqu&rsquo;\u00e0 plus de 15 m au-dessus des eaux de la rivi\u00e8re (qui inondaient partiellement les douves, \u00e0 l\u2019Ouest). C&rsquo;est pourquoi les deux bastions de ce front, dits Royal et du Mont Event\u00e9, furent construits les premiers, et particuli\u00e8rement renforc\u00e9s par des galeries de contremine m\u00e9nag\u00e9es dans l&rsquo;\u00e9paisseur des murs ext\u00e9rieurs, pour d\u00e9jouer la mine adverse.<br \/>Quant au front occidental, inondable \u00e0 partir de la rivi\u00e8re, il \u00e9tait command\u00e9 par le bastion du Festin. Ce bastion (qui doit son nom au Camp du Drap d&rsquo;Or) constituait l&rsquo;ultime r\u00e9duit de la forteresse, retranch\u00e9 contre la ville par un bras de la rivi\u00e8re ; et sur\u00e9lev\u00e9 par l&rsquo;absorption probable de la motte f\u00e9odale primitive.<br \/><span style=\"font-size: small;\">\u00a0 \u00a0 \u00a0 \u00a0 \u00a0 \u00a0 \u00a0 \u00a0 \u00a0 \u00a0 \u00a0 \u00a0 \u00a0 \u00a0 \u00a0 \u00a0 \u00a0 \u00a0 \u00a0 \u00a0 \u00a0 \u00a0 \u00a0 \u00a0 \u00a0 \u00a0 \u00a0 \u00a0 \u00a0 \u00a0 \u00a0 \u00a0 \u00a0 \u00a0 \u00a0 \u00a0 \u00a0 \u00a0 \u00a0 \u00a0 \u00a0 \u00a0 \u00a0 \u00a0 \u00a0 \u00a0 \u00a0 \u00a0 \u00a0 \u00a0 \u00a0 \u00a0 \u00a0 \u00a0 \u00a0 \u00a0 \u00a0 \u00a0 \u00a0 \u00a0 \u00a0 \u00a0 * la POLIORC\u00c9TIQUE : terme militaire, qui d\u00e9signe \u201cl\u2019art d\u2019assi\u00e9ger les villes\u201d.<\/span><\/p>\t\t\t\t\t\t\t\t<\/div>\n\t\t\t\t<\/div>\n\t\t\t\t\t<\/div>\n\t\t\t\t<\/div>\n\t\t<div class=\"elementor-element elementor-element-377d89a e-flex e-con-boxed e-con e-parent\" data-id=\"377d89a\" data-element_type=\"container\" data-e-type=\"container\">\n\t\t\t\t\t<div class=\"e-con-inner\">\n\t\t\t\t<div class=\"elementor-element elementor-element-e07c674 elementor-widget-divider--view-line elementor-widget elementor-widget-divider\" data-id=\"e07c674\" data-element_type=\"widget\" data-e-type=\"widget\" data-widget_type=\"divider.default\">\n\t\t\t\t<div class=\"elementor-widget-container\">\n\t\t\t\t\t\t\t<div class=\"elementor-divider\">\n\t\t\t<span class=\"elementor-divider-separator\">\n\t\t\t\t\t\t<\/span>\n\t\t<\/div>\n\t\t\t\t\t\t<\/div>\n\t\t\t\t<\/div>\n\t\t\t\t\t<\/div>\n\t\t\t\t<\/div>\n\t\t<div class=\"elementor-element elementor-element-5754241 e-flex e-con-boxed e-con e-parent\" data-id=\"5754241\" data-element_type=\"container\" data-e-type=\"container\">\n\t\t\t\t\t<div class=\"e-con-inner\">\n\t\t<div class=\"elementor-element elementor-element-5e1bdaf e-con-full e-flex e-con e-child\" data-id=\"5e1bdaf\" data-element_type=\"container\" data-e-type=\"container\">\n\t\t\t\t<div class=\"elementor-element elementor-element-0e9d85a elementor-align-center elementor-widget elementor-widget-button\" data-id=\"0e9d85a\" data-element_type=\"widget\" data-e-type=\"widget\" data-widget_type=\"button.default\">\n\t\t\t\t<div class=\"elementor-widget-container\">\n\t\t\t\t\t\t\t\t\t<div class=\"elementor-button-wrapper\">\n\t\t\t\t\t<a class=\"elementor-button elementor-button-link elementor-size-sm\" href=\"https:\/\/acha-ardres.fr\/?page_id=484\">\n\t\t\t\t\t\t<span class=\"elementor-button-content-wrapper\">\n\t\t\t\t\t\t\t\t\t<span class=\"elementor-button-text\">JEP en affiches<\/span>\n\t\t\t\t\t<\/span>\n\t\t\t\t\t<\/a>\n\t\t\t\t<\/div>\n\t\t\t\t\t\t\t\t<\/div>\n\t\t\t\t<\/div>\n\t\t\t\t<\/div>\n\t\t<div class=\"elementor-element elementor-element-b91696e e-con-full e-flex e-con e-child\" data-id=\"b91696e\" data-element_type=\"container\" data-e-type=\"container\">\n\t\t\t\t<div class=\"elementor-element elementor-element-71c8b9d elementor-align-center elementor-widget elementor-widget-button\" data-id=\"71c8b9d\" data-element_type=\"widget\" data-e-type=\"widget\" data-widget_type=\"button.default\">\n\t\t\t\t<div class=\"elementor-widget-container\">\n\t\t\t\t\t\t\t\t\t<div class=\"elementor-button-wrapper\">\n\t\t\t\t\t<a class=\"elementor-button elementor-button-link elementor-size-sm\" href=\"https:\/\/acha-ardres.fr\/?page_id=4534\">\n\t\t\t\t\t\t<span class=\"elementor-button-content-wrapper\">\n\t\t\t\t\t\t\t\t\t<span class=\"elementor-button-text\">JEP en r\u00e9sum\u00e9s<\/span>\n\t\t\t\t\t<\/span>\n\t\t\t\t\t<\/a>\n\t\t\t\t<\/div>\n\t\t\t\t\t\t\t\t<\/div>\n\t\t\t\t<\/div>\n\t\t\t\t<\/div>\n\t\t<div class=\"elementor-element elementor-element-566a7df e-con-full e-flex e-con e-child\" data-id=\"566a7df\" data-element_type=\"container\" data-e-type=\"container\">\n\t\t\t\t<div class=\"elementor-element elementor-element-5e11638 elementor-align-center elementor-widget elementor-widget-button\" data-id=\"5e11638\" data-element_type=\"widget\" data-e-type=\"widget\" data-widget_type=\"button.default\">\n\t\t\t\t<div class=\"elementor-widget-container\">\n\t\t\t\t\t\t\t\t\t<div class=\"elementor-button-wrapper\">\n\t\t\t\t\t<a class=\"elementor-button elementor-button-link elementor-size-sm\" href=\"https:\/\/acha-ardres.fr\/?page_id=490\">\n\t\t\t\t\t\t<span class=\"elementor-button-content-wrapper\">\n\t\t\t\t\t\t\t\t\t<span class=\"elementor-button-text\">Les monuments<\/span>\n\t\t\t\t\t<\/span>\n\t\t\t\t\t<\/a>\n\t\t\t\t<\/div>\n\t\t\t\t\t\t\t\t<\/div>\n\t\t\t\t<\/div>\n\t\t\t\t<\/div>\n\t\t<div class=\"elementor-element elementor-element-426b0c5 e-con-full e-flex e-con e-child\" data-id=\"426b0c5\" data-element_type=\"container\" data-e-type=\"container\">\n\t\t\t\t<div class=\"elementor-element elementor-element-3b89f3b elementor-align-center elementor-widget elementor-widget-button\" data-id=\"3b89f3b\" data-element_type=\"widget\" data-e-type=\"widget\" data-widget_type=\"button.default\">\n\t\t\t\t<div class=\"elementor-widget-container\">\n\t\t\t\t\t\t\t\t\t<div class=\"elementor-button-wrapper\">\n\t\t\t\t\t<a class=\"elementor-button elementor-button-link elementor-size-sm\" href=\"https:\/\/acha-ardres.fr\/?page_id=492\">\n\t\t\t\t\t\t<span class=\"elementor-button-content-wrapper\">\n\t\t\t\t\t\t\t\t\t<span class=\"elementor-button-text\">Les lieux<\/span>\n\t\t\t\t\t<\/span>\n\t\t\t\t\t<\/a>\n\t\t\t\t<\/div>\n\t\t\t\t\t\t\t\t<\/div>\n\t\t\t\t<\/div>\n\t\t\t\t<\/div>\n\t\t\t\t\t<\/div>\n\t\t\t\t<\/div>\n\t\t<div class=\"elementor-element elementor-element-21dad98 e-flex e-con-boxed e-con e-parent\" data-id=\"21dad98\" data-element_type=\"container\" data-e-type=\"container\">\n\t\t\t\t\t<div class=\"e-con-inner\">\n\t\t\t\t<div class=\"elementor-element elementor-element-3190a94 elementor-widget elementor-widget-copyright\" data-id=\"3190a94\" data-element_type=\"widget\" data-e-type=\"widget\" data-widget_type=\"copyright.default\">\n\t\t\t\t<div class=\"elementor-widget-container\">\n\t\t\t\t\t\t\t<div class=\"hfe-copyright-wrapper\">\n\t\t\t\t\t\t\t<span>Copyright \u00a9 2026  A C H A   | <\/span>\n\t\t\t\t\t<\/div>\n\t\t\t\t\t\t<\/div>\n\t\t\t\t<\/div>\n\t\t\t\t\t<\/div>\n\t\t\t\t<\/div>\n\t\t<div class=\"elementor-element elementor-element-d743b78 e-flex e-con-boxed e-con e-parent\" data-id=\"d743b78\" data-element_type=\"container\" data-e-type=\"container\">\n\t\t\t\t\t<div class=\"e-con-inner\">\n\t\t\t\t<div class=\"elementor-element elementor-element-4d93155 elementor-widget elementor-widget-site-logo\" data-id=\"4d93155\" data-element_type=\"widget\" data-e-type=\"widget\" data-settings=\"{&quot;align&quot;:&quot;center&quot;,&quot;width&quot;:{&quot;unit&quot;:&quot;%&quot;,&quot;size&quot;:&quot;&quot;,&quot;sizes&quot;:[]},&quot;width_tablet&quot;:{&quot;unit&quot;:&quot;%&quot;,&quot;size&quot;:&quot;&quot;,&quot;sizes&quot;:[]},&quot;width_mobile&quot;:{&quot;unit&quot;:&quot;%&quot;,&quot;size&quot;:&quot;&quot;,&quot;sizes&quot;:[]},&quot;space&quot;:{&quot;unit&quot;:&quot;%&quot;,&quot;size&quot;:&quot;&quot;,&quot;sizes&quot;:[]},&quot;space_tablet&quot;:{&quot;unit&quot;:&quot;%&quot;,&quot;size&quot;:&quot;&quot;,&quot;sizes&quot;:[]},&quot;space_mobile&quot;:{&quot;unit&quot;:&quot;%&quot;,&quot;size&quot;:&quot;&quot;,&quot;sizes&quot;:[]},&quot;image_border_radius&quot;:{&quot;unit&quot;:&quot;px&quot;,&quot;top&quot;:&quot;&quot;,&quot;right&quot;:&quot;&quot;,&quot;bottom&quot;:&quot;&quot;,&quot;left&quot;:&quot;&quot;,&quot;isLinked&quot;:true},&quot;image_border_radius_tablet&quot;:{&quot;unit&quot;:&quot;px&quot;,&quot;top&quot;:&quot;&quot;,&quot;right&quot;:&quot;&quot;,&quot;bottom&quot;:&quot;&quot;,&quot;left&quot;:&quot;&quot;,&quot;isLinked&quot;:true},&quot;image_border_radius_mobile&quot;:{&quot;unit&quot;:&quot;px&quot;,&quot;top&quot;:&quot;&quot;,&quot;right&quot;:&quot;&quot;,&quot;bottom&quot;:&quot;&quot;,&quot;left&quot;:&quot;&quot;,&quot;isLinked&quot;:true},&quot;caption_padding&quot;:{&quot;unit&quot;:&quot;px&quot;,&quot;top&quot;:&quot;&quot;,&quot;right&quot;:&quot;&quot;,&quot;bottom&quot;:&quot;&quot;,&quot;left&quot;:&quot;&quot;,&quot;isLinked&quot;:true},&quot;caption_padding_tablet&quot;:{&quot;unit&quot;:&quot;px&quot;,&quot;top&quot;:&quot;&quot;,&quot;right&quot;:&quot;&quot;,&quot;bottom&quot;:&quot;&quot;,&quot;left&quot;:&quot;&quot;,&quot;isLinked&quot;:true},&quot;caption_padding_mobile&quot;:{&quot;unit&quot;:&quot;px&quot;,&quot;top&quot;:&quot;&quot;,&quot;right&quot;:&quot;&quot;,&quot;bottom&quot;:&quot;&quot;,&quot;left&quot;:&quot;&quot;,&quot;isLinked&quot;:true},&quot;caption_space&quot;:{&quot;unit&quot;:&quot;px&quot;,&quot;size&quot;:0,&quot;sizes&quot;:[]},&quot;caption_space_tablet&quot;:{&quot;unit&quot;:&quot;px&quot;,&quot;size&quot;:&quot;&quot;,&quot;sizes&quot;:[]},&quot;caption_space_mobile&quot;:{&quot;unit&quot;:&quot;px&quot;,&quot;size&quot;:&quot;&quot;,&quot;sizes&quot;:[]}}\" data-widget_type=\"site-logo.default\">\n\t\t\t\t<div class=\"elementor-widget-container\">\n\t\t\t\t\t\t\t<div class=\"hfe-site-logo\">\n\t\t\t\t\t\t\t\t\t\t\t\t\t<a data-elementor-open-lightbox=\"\"  class='elementor-clickable' href=\"https:\/\/acha-ardres.fr\">\n\t\t\t\t\t\t\t<div class=\"hfe-site-logo-set\">           \n\t\t\t\t<div class=\"hfe-site-logo-container\">\n\t\t\t\t\t\t\t\t\t<img decoding=\"async\" class=\"hfe-site-logo-img elementor-animation-\"  src=\"https:\/\/acha-ardres.fr\/wp-content\/uploads\/2024\/02\/logo-officiel2010-bordeau_ok_half_rotation_small-300x201.jpg\" alt=\"logo officiel2010 bordeau_ok_half_rotation_small\"\/>\n\t\t\t\t<\/div>\n\t\t\t<\/div>\n\t\t\t\t\t\t\t<\/a>\n\t\t\t\t\t\t<\/div>  \n\t\t\t\t\t\t\t<\/div>\n\t\t\t\t<\/div>\n\t\t\t\t\t<\/div>\n\t\t\t\t<\/div>\n\t\t\t\t<\/div>\n\t\t","protected":false},"excerpt":{"rendered":"<p>Plan de la ville d&rsquo;Ardres et localisation des emprises des anciennes fortifications dont il ne reste plus que la poterne et le bastion royal. Localisation [&#8230;]<\/p>\n","protected":false},"author":3,"featured_media":0,"parent":0,"menu_order":0,"comment_status":"closed","ping_status":"closed","template":"","meta":{"footnotes":""},"class_list":["post-21","page","type-page","status-publish","hentry"],"_links":{"self":[{"href":"https:\/\/acha-ardres.fr\/index.php?rest_route=\/wp\/v2\/pages\/21","targetHints":{"allow":["GET"]}}],"collection":[{"href":"https:\/\/acha-ardres.fr\/index.php?rest_route=\/wp\/v2\/pages"}],"about":[{"href":"https:\/\/acha-ardres.fr\/index.php?rest_route=\/wp\/v2\/types\/page"}],"author":[{"embeddable":true,"href":"https:\/\/acha-ardres.fr\/index.php?rest_route=\/wp\/v2\/users\/3"}],"replies":[{"embeddable":true,"href":"https:\/\/acha-ardres.fr\/index.php?rest_route=%2Fwp%2Fv2%2Fcomments&post=21"}],"version-history":[{"count":0,"href":"https:\/\/acha-ardres.fr\/index.php?rest_route=\/wp\/v2\/pages\/21\/revisions"}],"wp:attachment":[{"href":"https:\/\/acha-ardres.fr\/index.php?rest_route=%2Fwp%2Fv2%2Fmedia&parent=21"}],"curies":[{"name":"wp","href":"https:\/\/api.w.org\/{rel}","templated":true}]}}