{"id":15338,"date":"2025-09-21T15:09:52","date_gmt":"2025-09-21T13:09:52","guid":{"rendered":"https:\/\/acha-ardres.fr\/?page_id=15338"},"modified":"2025-09-21T15:42:58","modified_gmt":"2025-09-21T13:42:58","slug":"concours-maquettes-presentation-des-trois","status":"publish","type":"page","link":"https:\/\/acha-ardres.fr\/?page_id=15338","title":{"rendered":"Concours maquettes, votez pour votre pr\u00e9f\u00e9r\u00e9e !"},"content":{"rendered":"\t\t<div data-elementor-type=\"wp-page\" data-elementor-id=\"15338\" class=\"elementor elementor-15338\">\n\t\t\t\t<div class=\"elementor-element elementor-element-7eddc04 e-flex e-con-boxed e-con e-parent\" data-id=\"7eddc04\" data-element_type=\"container\" data-e-type=\"container\">\n\t\t\t\t\t<div class=\"e-con-inner\">\n\t\t\t\t<div class=\"elementor-element elementor-element-d2dcb11 elementor-widget elementor-widget-menu-anchor\" data-id=\"d2dcb11\" data-element_type=\"widget\" data-e-type=\"widget\" data-widget_type=\"menu-anchor.default\">\n\t\t\t\t<div class=\"elementor-widget-container\">\n\t\t\t\t\t\t\t<div class=\"elementor-menu-anchor\" id=\"maquette1\"><\/div>\n\t\t\t\t\t\t<\/div>\n\t\t\t\t<\/div>\n\t\t\t\t\t<\/div>\n\t\t\t\t<\/div>\n\t\t<div class=\"elementor-element elementor-element-1133373 e-flex e-con-boxed e-con e-parent\" data-id=\"1133373\" data-element_type=\"container\" data-e-type=\"container\">\n\t\t\t\t\t<div class=\"e-con-inner\">\n\t\t\t\t<div class=\"elementor-element elementor-element-35004d4 elementor-widget elementor-widget-heading\" data-id=\"35004d4\" data-element_type=\"widget\" data-e-type=\"widget\" data-widget_type=\"heading.default\">\n\t\t\t\t<div class=\"elementor-widget-container\">\n\t\t\t\t\t<h4 class=\"elementor-heading-title elementor-size-default\">Maquette n\u00b01<\/h4>\t\t\t\t<\/div>\n\t\t\t\t<\/div>\n\t\t\t\t\t<\/div>\n\t\t\t\t<\/div>\n\t\t<div class=\"elementor-element elementor-element-e84b053 e-flex e-con-boxed e-con e-parent\" data-id=\"e84b053\" data-element_type=\"container\" data-e-type=\"container\">\n\t\t\t\t\t<div class=\"e-con-inner\">\n\t\t\t\t<div class=\"elementor-element elementor-element-e8fc771 elementor-widget elementor-widget-image\" data-id=\"e8fc771\" data-element_type=\"widget\" data-e-type=\"widget\" data-widget_type=\"image.default\">\n\t\t\t\t<div class=\"elementor-widget-container\">\n\t\t\t\t\t\t\t\t\t\t\t\t\t\t\t<img fetchpriority=\"high\" decoding=\"async\" width=\"500\" height=\"356\" src=\"https:\/\/acha-ardres.fr\/wp-content\/uploads\/2025\/09\/maquette1.jpg\" class=\"attachment-large size-large wp-image-15340\" alt=\"\" srcset=\"https:\/\/acha-ardres.fr\/wp-content\/uploads\/2025\/09\/maquette1.jpg 500w, https:\/\/acha-ardres.fr\/wp-content\/uploads\/2025\/09\/maquette1-300x214.jpg 300w, https:\/\/acha-ardres.fr\/wp-content\/uploads\/2025\/09\/maquette1-150x107.jpg 150w\" sizes=\"(max-width: 500px) 100vw, 500px\" \/>\t\t\t\t\t\t\t\t\t\t\t\t\t\t\t<\/div>\n\t\t\t\t<\/div>\n\t\t\t\t\t<\/div>\n\t\t\t\t<\/div>\n\t\t<div class=\"elementor-element elementor-element-2cd4b71 e-flex e-con-boxed e-con e-parent\" data-id=\"2cd4b71\" data-element_type=\"container\" data-e-type=\"container\">\n\t\t\t\t\t<div class=\"e-con-inner\">\n\t\t\t\t<div class=\"elementor-element elementor-element-6593157 elementor-widget elementor-widget-spacer\" data-id=\"6593157\" data-element_type=\"widget\" data-e-type=\"widget\" data-widget_type=\"spacer.default\">\n\t\t\t\t<div class=\"elementor-widget-container\">\n\t\t\t\t\t\t\t<div class=\"elementor-spacer\">\n\t\t\t<div class=\"elementor-spacer-inner\"><\/div>\n\t\t<\/div>\n\t\t\t\t\t\t<\/div>\n\t\t\t\t<\/div>\n\t\t\t\t\t<\/div>\n\t\t\t\t<\/div>\n\t\t<div class=\"elementor-element elementor-element-7d95cab e-flex e-con-boxed e-con e-parent\" data-id=\"7d95cab\" data-element_type=\"container\" data-e-type=\"container\">\n\t\t\t\t\t<div class=\"e-con-inner\">\n\t\t\t\t<div class=\"elementor-element elementor-element-2fbd254 elementor-widget elementor-widget-menu-anchor\" data-id=\"2fbd254\" data-element_type=\"widget\" data-e-type=\"widget\" data-widget_type=\"menu-anchor.default\">\n\t\t\t\t<div class=\"elementor-widget-container\">\n\t\t\t\t\t\t\t<div class=\"elementor-menu-anchor\" id=\"maquette2\"><\/div>\n\t\t\t\t\t\t<\/div>\n\t\t\t\t<\/div>\n\t\t\t\t\t<\/div>\n\t\t\t\t<\/div>\n\t\t<div class=\"elementor-element elementor-element-0c6199a e-flex e-con-boxed e-con e-parent\" data-id=\"0c6199a\" data-element_type=\"container\" data-e-type=\"container\">\n\t\t\t\t\t<div class=\"e-con-inner\">\n\t\t\t\t<div class=\"elementor-element elementor-element-71b74f2 elementor-widget elementor-widget-heading\" data-id=\"71b74f2\" data-element_type=\"widget\" data-e-type=\"widget\" data-widget_type=\"heading.default\">\n\t\t\t\t<div class=\"elementor-widget-container\">\n\t\t\t\t\t<h4 class=\"elementor-heading-title elementor-size-default\">Maquette n\u00b02<\/h4>\t\t\t\t<\/div>\n\t\t\t\t<\/div>\n\t\t\t\t\t<\/div>\n\t\t\t\t<\/div>\n\t\t<div class=\"elementor-element elementor-element-9c90544 e-flex e-con-boxed e-con e-parent\" data-id=\"9c90544\" data-element_type=\"container\" data-e-type=\"container\">\n\t\t\t\t\t<div class=\"e-con-inner\">\n\t\t\t\t<div class=\"elementor-element elementor-element-1769aa1 elementor-widget elementor-widget-image\" data-id=\"1769aa1\" data-element_type=\"widget\" data-e-type=\"widget\" data-widget_type=\"image.default\">\n\t\t\t\t<div class=\"elementor-widget-container\">\n\t\t\t\t\t\t\t\t\t\t\t\t\t\t\t<img decoding=\"async\" width=\"500\" height=\"327\" src=\"https:\/\/acha-ardres.fr\/wp-content\/uploads\/2025\/09\/maquette2.jpg\" class=\"attachment-large size-large wp-image-15341\" alt=\"\" srcset=\"https:\/\/acha-ardres.fr\/wp-content\/uploads\/2025\/09\/maquette2.jpg 500w, https:\/\/acha-ardres.fr\/wp-content\/uploads\/2025\/09\/maquette2-300x196.jpg 300w, https:\/\/acha-ardres.fr\/wp-content\/uploads\/2025\/09\/maquette2-150x98.jpg 150w\" sizes=\"(max-width: 500px) 100vw, 500px\" \/>\t\t\t\t\t\t\t\t\t\t\t\t\t\t\t<\/div>\n\t\t\t\t<\/div>\n\t\t\t\t\t<\/div>\n\t\t\t\t<\/div>\n\t\t<div class=\"elementor-element elementor-element-1d684b0 e-flex e-con-boxed e-con e-parent\" data-id=\"1d684b0\" data-element_type=\"container\" data-e-type=\"container\">\n\t\t\t\t\t<div class=\"e-con-inner\">\n\t\t\t\t<div class=\"elementor-element elementor-element-134f93e elementor-widget elementor-widget-spacer\" data-id=\"134f93e\" data-element_type=\"widget\" data-e-type=\"widget\" data-widget_type=\"spacer.default\">\n\t\t\t\t<div class=\"elementor-widget-container\">\n\t\t\t\t\t\t\t<div class=\"elementor-spacer\">\n\t\t\t<div class=\"elementor-spacer-inner\"><\/div>\n\t\t<\/div>\n\t\t\t\t\t\t<\/div>\n\t\t\t\t<\/div>\n\t\t\t\t\t<\/div>\n\t\t\t\t<\/div>\n\t\t<div class=\"elementor-element elementor-element-560b909 e-flex e-con-boxed e-con e-parent\" data-id=\"560b909\" data-element_type=\"container\" data-e-type=\"container\">\n\t\t\t\t\t<div class=\"e-con-inner\">\n\t\t\t\t<div class=\"elementor-element elementor-element-184b82f elementor-widget elementor-widget-menu-anchor\" data-id=\"184b82f\" data-element_type=\"widget\" data-e-type=\"widget\" data-widget_type=\"menu-anchor.default\">\n\t\t\t\t<div class=\"elementor-widget-container\">\n\t\t\t\t\t\t\t<div class=\"elementor-menu-anchor\" id=\"maquette3\"><\/div>\n\t\t\t\t\t\t<\/div>\n\t\t\t\t<\/div>\n\t\t\t\t\t<\/div>\n\t\t\t\t<\/div>\n\t\t<div class=\"elementor-element elementor-element-6c72c02 e-flex e-con-boxed e-con e-parent\" data-id=\"6c72c02\" data-element_type=\"container\" data-e-type=\"container\">\n\t\t\t\t\t<div class=\"e-con-inner\">\n\t\t\t\t<div class=\"elementor-element elementor-element-ccfa295 elementor-widget elementor-widget-heading\" data-id=\"ccfa295\" data-element_type=\"widget\" data-e-type=\"widget\" data-widget_type=\"heading.default\">\n\t\t\t\t<div class=\"elementor-widget-container\">\n\t\t\t\t\t<h4 class=\"elementor-heading-title elementor-size-default\">Maquette n\u00b03<\/h4>\t\t\t\t<\/div>\n\t\t\t\t<\/div>\n\t\t\t\t\t<\/div>\n\t\t\t\t<\/div>\n\t\t<div class=\"elementor-element elementor-element-2cdbda3 e-flex e-con-boxed e-con e-parent\" data-id=\"2cdbda3\" data-element_type=\"container\" data-e-type=\"container\">\n\t\t\t\t\t<div class=\"e-con-inner\">\n\t\t\t\t<div class=\"elementor-element elementor-element-46ab516 elementor-widget elementor-widget-image\" data-id=\"46ab516\" data-element_type=\"widget\" data-e-type=\"widget\" data-widget_type=\"image.default\">\n\t\t\t\t<div class=\"elementor-widget-container\">\n\t\t\t\t\t\t\t\t\t\t\t\t\t\t\t<img decoding=\"async\" width=\"500\" height=\"364\" src=\"https:\/\/acha-ardres.fr\/wp-content\/uploads\/2025\/09\/maquette3.jpg\" class=\"attachment-large size-large wp-image-15342\" alt=\"\" srcset=\"https:\/\/acha-ardres.fr\/wp-content\/uploads\/2025\/09\/maquette3.jpg 500w, https:\/\/acha-ardres.fr\/wp-content\/uploads\/2025\/09\/maquette3-300x218.jpg 300w, https:\/\/acha-ardres.fr\/wp-content\/uploads\/2025\/09\/maquette3-150x109.jpg 150w\" sizes=\"(max-width: 500px) 100vw, 500px\" \/>\t\t\t\t\t\t\t\t\t\t\t\t\t\t\t<\/div>\n\t\t\t\t<\/div>\n\t\t\t\t\t<\/div>\n\t\t\t\t<\/div>\n\t\t<div class=\"elementor-element elementor-element-6479514 e-flex e-con-boxed e-con e-parent\" data-id=\"6479514\" data-element_type=\"container\" data-e-type=\"container\">\n\t\t\t\t\t<div class=\"e-con-inner\">\n\t\t\t\t<div class=\"elementor-element elementor-element-8ec508b elementor-widget elementor-widget-text-editor\" data-id=\"8ec508b\" data-element_type=\"widget\" data-e-type=\"widget\" data-widget_type=\"text-editor.default\">\n\t\t\t\t<div class=\"elementor-widget-container\">\n\t\t\t\t\t\t\t\t\t<p>Vous pouvez voter pour votre maquette favorite en suivant le lien suivant :<br \/><a href=\"https:\/\/framadate.org\/YoPPcA96uCdq8yvh\" target=\"_blank\" rel=\"noopener\">Je vote pour ma maquette pr\u00e9f\u00e9r\u00e9e<\/a><br \/><br \/><br \/><\/p><p>\u00a0<\/p>\t\t\t\t\t\t\t\t<\/div>\n\t\t\t\t<\/div>\n\t\t\t\t\t<\/div>\n\t\t\t\t<\/div>\n\t\t\t\t<\/div>\n\t\t","protected":false},"excerpt":{"rendered":"<p>Maquette n\u00b01 Maquette n\u00b02 Maquette n\u00b03 Vous pouvez voter pour votre maquette favorite en suivant le lien suivant :Je vote pour ma maquette pr\u00e9f\u00e9r\u00e9e \u00a0<\/p>\n","protected":false},"author":3,"featured_media":0,"parent":0,"menu_order":0,"comment_status":"closed","ping_status":"closed","template":"","meta":{"footnotes":""},"class_list":["post-15338","page","type-page","status-publish","hentry"],"_links":{"self":[{"href":"https:\/\/acha-ardres.fr\/index.php?rest_route=\/wp\/v2\/pages\/15338","targetHints":{"allow":["GET"]}}],"collection":[{"href":"https:\/\/acha-ardres.fr\/index.php?rest_route=\/wp\/v2\/pages"}],"about":[{"href":"https:\/\/acha-ardres.fr\/index.php?rest_route=\/wp\/v2\/types\/page"}],"author":[{"embeddable":true,"href":"https:\/\/acha-ardres.fr\/index.php?rest_route=\/wp\/v2\/users\/3"}],"replies":[{"embeddable":true,"href":"https:\/\/acha-ardres.fr\/index.php?rest_route=%2Fwp%2Fv2%2Fcomments&post=15338"}],"version-history":[{"count":8,"href":"https:\/\/acha-ardres.fr\/index.php?rest_route=\/wp\/v2\/pages\/15338\/revisions"}],"predecessor-version":[{"id":15353,"href":"https:\/\/acha-ardres.fr\/index.php?rest_route=\/wp\/v2\/pages\/15338\/revisions\/15353"}],"wp:attachment":[{"href":"https:\/\/acha-ardres.fr\/index.php?rest_route=%2Fwp%2Fv2%2Fmedia&parent=15338"}],"curies":[{"name":"wp","href":"https:\/\/api.w.org\/{rel}","templated":true}]}}